) = h + 5. Suppose 0 = -4*d + 11 + 17. Suppose -4*k - d = 5. Let j be z(k). Give y(j).
-5
Let f be (0 - -1) + -3 + (3 - 0). Let w(q) = -q**2 + 3*q + 3. Let x(r) = r + 1. Let s(z) = f*w(z) - 4*x(z). Give s(-1).
-1
Suppose 0 = 10*m - 6*m - 8. Suppose 0 = t + 2*h - m, t - 1 = 4*h - 7*h. Let k(b) = 4*b**2 - 2 + b + 0*b**2 + 2*b**3 - 3*b**3 + 2*b. Determine k(t).
10
Let l(x) = x**2 - 7*x - 8. Let g = -72 - -78. Give l(g).
-14
Let i be -10 + 10 - (-4 + (2 - 3)). Let f be -10*(-2)/i*(-14)/8. Let w(z) be the second derivative of -z**4/12 - z**3 - 2*z**2 - 2*z. Give w(f).
-11
Let s(y) be the third derivative of y**6/3 - y**5/60 + y**4/24 + 61*y**2 + y. Calculate s(1).
40
Let a = 1963 - 1961. Let m(v) = -2*v**3 + v**2 - 1. Give m(a).
-13
Let u(d) be the third derivative of -7*d**4/24 - d**3/3 - 158*d**2. Determine u(-2).
12
Suppose -2*a + 4*f = -0*a - 22, 16 = 4*a - f. Let w(p) = 3*p**2 - 2*p. Let x be w(2). Let k(r) = -3*r**2 - 3 - 4*r**2 + r**2 + r**a + x*r. Calculate k(5).
12
Let n(h) = 8*h**2 - 3*h. Let s(t) = t. Let a(c) = n(c) + 2*s(c). Let y be (-33)/(-27) + (8/(-36) - 0). Calculate a(y).
7
Let m be 1/(-9 - 84/(-9)). Let a(s) = 3*s + 3 - 2*s + 0. Give a(m).
6
Suppose 87*g + 6 = 93*g. Let f(p) = -5*p**3 + p**2 - 3*p + 1. Determine f(g).
-6
Let d(a) = a**2 + 7*a - 24. Let i = 1250 - 1260. Determine d(i).
6
Let u(g) = g**3 + 5*g**2 + 2*g - 2. Let k be u(-2). Suppose -i + k = i. Let c(f) = -f**3 + 2*f**2 + f - 1. Determine c(i).
-7
Let d(f) = f**3 + 6*f**2 + 3*f + 5. Suppose 16*v + 500 = 420. Determine d(v).
15
Suppose -2*c = -5*b + 48, -3*c = 2 + 10. Let v(u) = b*u - 2*u - 2*u + 6*u. Suppose -4*f - f + 4*x = 25, 5*f - 2*x = -15. Determine v(f).
-10
Let a(v) = -v**3 + 4*v**2 + 3*v + 10. Suppose 0 = -21*g + 18 + 87. Give a(g).
0
Let a(s) = 5*s - 36. Let c be a(6). Let o(f) = -f - 7. Give o(c).
-1
Let o(l) = 6. Let k(g) = g - 5. Let z(i) = -6*k(i) - 5*o(i). Let j(c) = -3*c - 11*c - 5 + 13*c. Let w be j(-6). Calculate z(w).
-6
Let a(v) = -44 - 41 - 14*v + 71. Let s(q) = -5*q - 5. Let m be 6/(-5)*10/3. Let g(z) = m*a(z) + 11*s(z). What is g(6)?
7
Let m(x) = -x**2 + 6*x - 8. Let l = 2357 + -2355. Determine m(l).
0
Let n(x) = -6*x - 3*x + 4 - 6. Suppose i - 16*i = 30. What is n(i)?
16
Let c = -32 - -18. Let j(d) = d**2 + 14*d - 4. Give j(c).
-4
Let p(q) = -2*q**2 - 3*q + 8. Let t(n) = -n**2 - 3*n + 7. Let m(d) = 2*p(d) - 3*t(d). Determine m(5).
-15
Let r(h) = h - 14. Suppose -5*y = 3*o - 18, 0 = -0*o + 4*o - 3*y - 24. What is r(o)?
-8
Let m(f) be the first derivative of f**3/3 + 7*f**2/2 - 7*f - 998. Suppose -5*i - 752 = p, -5*p + 292 = -2*i - p. Let g be i/22 - 6/33. Calculate m(g).
-7
Let y(u) be the third derivative of -u**4/24 + u**3/6 + 16*u**2. Let g(z) = -z**2 + 4*z + 1. Let h(j) = g(j) + 2*y(j). Suppose 2 = 2*t - 3*t. What is h(t)?
-5
Let p(o) = -o**3 - 5*o**2 + 4*o - 6. Let b = -1900 - -1894. Calculate p(b).
6
Let c(w) be the second derivative of -1/12*w**4 - 11/6*w**3 + 0 - 4*w + 7/2*w**2. Let r be c(-12). Let m(s) = 2*s + 7. Calculate m(r).
-3
Let r(f) = -2*f. Let g be r(-3). Let k be (-56)/(-26) - g/39. Let q(j) = j**3 - j**2 - 4*j + 3. Give q(k).
-1
Let j(g) = -4*g + 5. Let p(x) = x**2 - 2*x + 7. Let z be p(0). Calculate j(z).
-23
Let v be (1/7)/((-1)/(-7)). Let z(f) = v - 6*f - 2*f + 5*f + 4*f. Let r = 2 - 3. Give z(r).
0
Let z = 42 - 13. Suppose -26*s + 3 = -z*s. Let o(c) = -14*c**3 + 2*c**2 + c. Calculate o(s).
15
Let t be (50/(-20)*(-3 + -5))/(-2). Let p(b) = -b**2 - 9*b - 2. Determine p(t).
-12
Let l(q) = 2*q - 7. Suppose 3*k + 5 = -8*w + 10*w, -k - 1 = 0. Give l(w).
-5
Let i(p) = p**3 + 4*p**2 - p - 4. Let q(s) = -s**3 + 9*s**2 - 8*s + 1. Let g be q(8). Let o(y) = -4*y**3 + 3*y - 2. Let v be o(g). Determine i(v).
8
Let t(j) be the second derivative of -j**5/20 + 7*j**4/12 - 7*j**3/6 + 3*j**2/2 + 57*j + 1. What is t(6)?
-3
Let u(p) = p**2 - 7*p + 3. Let c be (-5868)/(-33) + (-2)/(-11). Suppose w + 4*v - 8*v - 18 = 0, 0 = 5*w + 2*v - c. Let s = -28 + w. Determine u(s).
-3
Let o(c) be the second derivative of c**4/12 - 7*c**3/6 - 5*c**2/2 + 4*c - 40. What is o(9)?
13
Suppose -4*k + 5*k = 4, y = -4*k + 19. Let q(g) be the second derivative of -g**4/12 - g**3/6 - g**2/2 + 38*g. Give q(y).
-13
Let v(c) = 1. Let d(l) = -3*l + 12. Suppose -17 = 4*b + 43. Let u(x) = b*v(x) + d(x). Let f(y) = y**2 + 9*y + 10. Let o be f(-7). Calculate u(o).
9
Let l = -3 - 4. Let s(i) = i**3 + 5*i**2 + 11*i + 9. Let d(b) = -b**3 - 6*b**2 - 11*b - 9. Let m(g) = 3*d(g) + 2*s(g). Determine m(l).
19
Let y(i) = -6 + 0 - 4*i + 4. Let u(b) = -5*b - 3. Let w be ((-18)/2)/(6/4). Let d(f) = w*y(f) + 5*u(f). What is d(0)?
-3
Let g(k) = -k**3 + 18*k**2 + 2*k + 7. Let z(m) = 3*m**2 + 1. Let i(a) = -g(a) + 6*z(a). Give i(-3).
-22
Let c be (-78)/(-10) + 6/60*2. Let v(h) = 5*h - 2. Let z(b) = 9*b - 4. Let d(u) = -7*v(u) + 4*z(u). Give d(c).
6
Let m(p) = -2*p - 5. Suppose -n + 2*n = 5. Suppose 134 = n*d - 2*l, -4*d - l = -2*l - 109. Suppose 4*k + d + 8 = -5*u, u = 3*k + 8. Give m(k).
3
Let f(u) = -2*u + 1. Suppose 0 = -a - 0*a + 23. Let o = a - 21. Let x(c) = -c + 1. Let m be x(o). Determine f(m).
3
Suppose 0 = 5*b - 7*j + 6*j - 27, -2*j - 29 = -5*b. Let t(x) = x**3 - 5*x**2 + 3*x - 1. Calculate t(b).
14
Let f(a) = -a**2 + 1. Suppose 0*q = -4*b + 2*q + 8, q - 4 = -2*b. Suppose 3*t = r + 3, -t + 6 = -b*r + 3*t. Determine f(r).
-8
Suppose 9*s + 27 = 99. Let r(q) = 7*q - 6. What is r(s)?
50
Suppose 554 = 10*p + 474. Let o(a) = -a + 3. Calculate o(p).
-5
Let b = -83 - -89. Let t(d) = -b - 7*d + 3 - d**2 + 10. What is t(-9)?
-11
Let f be (18 + -19)/(-1 - 1 - -3). Let r(b) = 12*b - 1. Determine r(f).
-13
Let z(o) = 6*o**3 - o**2 - o + 1. Let f be 48/5 - 2/(-5). Let v be (-96)/(-15) + (-4)/f. Suppose 4*y - d = -6*d - v, -5*y + d = -7. Give z(y).
5
Let v(z) = -z**3 + 10*z**2 - 5*z - 1. Let q(l) = l**2 + l - 2. Let t(s) = -3*q(s) + v(s). Give t(6).
-7
Suppose -10 = 2*r - 6. Let d(j) be the second derivative of 0 + j - 1/6*j**3 - j**2. Calculate d(r).
0
Let a(z) = -z**2 - 3*z. Let k(s) = -2*s**2 - 5*s + 1. Let x(u) = -7*a(u) + 4*k(u). Suppose d = -3, -3*j = 3*d - 2*d - 33. Suppose i = -9 + j. Determine x(i).
-2
Let o be 2 - (-4 + -11)/5. Suppose 3*c = c - 2. Let u(a) = -6*a**3 - 9*a + 4. Let z(n) = -n**3 - n**2 - n. Let m(p) = c*u(p) + o*z(p). Calculate m(4).
-4
Let r(n) = n**3 - n**2 - 2*n - 2. Let b = -1099 - -1099. What is r(b)?
-2
Let y(n) = -7 - 11*n**3 + 10*n**3 - 2 + 13*n**2 - 12*n. What is y(12)?
-9
Let k = 0 - -2. Suppose k*l = -d, -18 = 2*l + 3*l - 2*d. Let i(g) be the second derivative of g**3/3 - 5*g - 14. Give i(l).
-4
Let z(n) = -5*n + 5*n - 46 - 2*n + 19 + 15 + 9. Suppose 4*j = -5*s + 29, -4*s + 3*j + 22 = s. Let k be s*1/(10/(-12)). Give z(k).
9
Suppose 3*v + 5*t + 16 = 0, 0*v - t = -3*v + 14. Let f(q) = 2*q - 3. Let y(x) = -x + 1. Let r(a) = 2*f(a) + 5*y(a). Calculate r(v).
-4
Let z(v) = -v**3 - v - 1. Let s(x) = 3*x**3 + 6*x**2 + 6*x + 8. Let a(o) = 2*o + 5. Let p be a(-3). Let h(f) = p*s(f) - 2*z(f). Give h(-5).
-11
Let u(k) = -k**2 - 37*k - 5. Let b be u(-37). Let p(q) = q + 1. Calculate p(b).
-4
Let d = 14 + -10. Suppose -2*w - d*w = -30. Let q(o) = -7 - o**3 + 4 + 5*o**2 - 4. Give q(w).
-7
Let u = -25 - -36. Let f = u - -11. Let y(n) = -15*n - 6 + f*n + n**3 + 5*n**2 - 2*n**3. What is y(6)?
0
Let r be 5*((-6)/33 - (-192)/330). Let n(w) be the second derivative of -1/4*w**4 + 0 - 1/20*w**5 + 1/6*w**3 - 2*w + w**2. Calculate n(r).
-16
Suppose 10*h = 11*h + 9. Let y be (0 - -2)/(-7 - h). Let a(w) = -5*w. Determine a(y).
-5
Let s(c) be the second derivative of 0 + 1/3*c**3 + 4*c - 6*c**2. Let u be s(9). Let k(x) = -x**2 + 5*x + 4. Give k(u).
-2
Let f(l) = l**2 - l + 2. Let b = 46 + -27. Let n = b + -27. Let v(j) = j**3 + 8*j**2 - 2. Let d be v(n). Calculate f(d).
8
Let h(g) = g**3 + 3*g**2 + 4. Let c = -955 + 952. What is h(c)?
4
Let o(d) = d**3 - 6*d**2 - 7*d - 4. Let p(x) = -x**3 - 11*x**2 - 14*x + 2. Let m be p(-6). Let n = m + 101. Give o(n).
-4
Let i be (-8 - (-129)/15)/(2/10). Let m(s) = -s**3 + 4*s**2 - 3*s. Calculate m(i).
0
Let s(u) be the first derivative of -9*u**2/2 - 29. Give s(4).
-36
Let m = 1661 - 1667. Let k(n) = n**3 - 13*n**2 - 8 + 5*n + 20*n**2 + 0*n**3. Calculate k(m).
-2
Let y = -20 - -23. Let m(k) be the second derivative of k**4/12 - 2*k**2 - 10